{"id":885,"date":"2017-12-20T19:28:22","date_gmt":"2017-12-20T23:28:22","guid":{"rendered":"http:\/\/gobiernoparroquialsancristobal.gob.ec\/azuay\/?page_id=885"},"modified":"2019-05-27T00:09:35","modified_gmt":"2019-05-27T04:09:35","slug":"rendicion-de-cuentas-2018","status":"publish","type":"page","link":"https:\/\/gobiernoparroquialsancristobal.gob.ec\/azuay\/rendicion-de-cuentas-2018\/","title":{"rendered":"Rendici\u00f3n de Cuentas 2018"},"content":{"rendered":"<p>&nbsp;<\/p>\n<p>&nbsp;<\/p>\n<p>&nbsp;<\/p>\n<p>&nbsp;<\/p>\n<p>&nbsp;<\/p>\n<p>&nbsp;<\/p>\n<p>&nbsp;<\/p>\n<p>PROCESO DE RENDICI\u00d3N DE CUENTAS<\/p>\n<p><a href=\"http:\/\/gobiernoparroquialsancristobal.gob.ec\/azuay\/wp-content\/uploads\/2019\/05\/Convocatoria-y-asistencia-consulta-ciudadana.pdf\">Convocatoria y asistencia consulta ciudadana<\/a><\/p>\n<p><a href=\"http:\/\/gobiernoparroquialsancristobal.gob.ec\/azuay\/wp-content\/uploads\/2019\/05\/Acta-de-conformacion-equipo.pdf\">Acta de conformacion equipo<\/a><\/p>\n<p><a href=\"http:\/\/gobiernoparroquialsancristobal.gob.ec\/azuay\/wp-content\/uploads\/2019\/05\/Respuestas-a-consultas.pdf\">Respuestas a consultas<\/a> <a href=\"http:\/\/gobiernoparroquialsancristobal.gob.ec\/azuay\/wp-content\/uploads\/2019\/05\/Respuestas-a-consultas-2.pdf\">Respuestas a consultas 2<\/a><\/p>\n<p><a href=\"http:\/\/gobiernoparroquialsancristobal.gob.ec\/azuay\/wp-content\/uploads\/2019\/05\/Invitacion-y-asistencia-a-Asamblea-Parroquial.pdf\">Invitacion y asistencia a Asamblea Parroquial<\/a><\/p>\n<p><a href=\"http:\/\/gobiernoparroquialsancristobal.gob.ec\/azuay\/wp-content\/uploads\/2019\/05\/Acta-de-aprobacion-de-informe.pdf\">Acta de aprobacion de informe\u00a0<\/a><\/p>\n<p><a href=\"http:\/\/gobiernoparroquialsancristobal.gob.ec\/azuay\/wp-content\/uploads\/2019\/05\/Acta-de-asamblea-parroquial.pdf\">Acta de asamblea parroquial<\/a><\/p>\n<p><a href=\"http:\/\/gobiernoparroquialsancristobal.gob.ec\/azuay\/wp-content\/uploads\/2019\/05\/Informe-Rendicion-Cuentas-GADPSC-2018.pdf\">Informe Rendicion Cuentas GADPSC 2018<\/a><\/p>\n<p><a href=\"http:\/\/gobiernoparroquialsancristobal.gob.ec\/azuay\/wp-content\/uploads\/2019\/05\/Formulario-Rendicion-Cuentas-2018.xlsx\">Formulario Rendicion Cuentas 2018<\/a><\/p>\n<p>&nbsp;<\/p>\n<p>&nbsp;<\/p>\n<p>&nbsp;<\/p>\n<p>&nbsp;<\/p>\n<p>&nbsp;<\/p>\n<p>PROYECTOS DE INVERSI\u00d3N 2018<\/p>\n<p><span style=\"color: #ff00ff;\">\u00a0\u00a0\u00a0 1.- PROYECTO DE ATENCI\u00d3N A ADULTOS MAYORES Y PERSONAS CON DISCAPACIDAD<\/span><\/p>\n<p><a href=\"http:\/\/gobiernoparroquialsancristobal.gob.ec\/azuay\/wp-content\/uploads\/2019\/05\/CEDULA-DE-GASTOS-PROYECTO-DE-ATENCI\u00d3N-A-ADULTOS-MAYORES-Y-PERSONAS-CON-DISCAPACIDAD.pdf\">CEDULA DE GASTOS PROYECTO DE ATENCI\u00d3N A ADULTOS MAYORES Y PERSONAS\u00a0\u00a0 CON DISCAPACIDAD<\/a><\/p>\n<p>&nbsp;<\/p>\n<p><span style=\"color: #ff00ff;\">\u00a0\u00a0\u00a0 2.- PROYECTO DE GENERACI\u00d3N DE ESPACIOS DE RECREACI\u00d3N PARA NI\u00d1OS Y NI\u00d1AS EN TIEMPO LIBRE<\/span><\/p>\n<p><a href=\"http:\/\/gobiernoparroquialsancristobal.gob.ec\/azuay\/wp-content\/uploads\/2019\/05\/PROYECTO-DE-GENERACION-DE-ESPACIOS-DE-RECREACI\u00d3N-DE-NI\u00d1OS-Y-NI\u00d1AS-EN-TIEMPO-LIBRE.pdf\">PROYECTO DE GENERACION DE ESPACIOS DE RECREACI\u00d3N DE NI\u00d1OS Y NI\u00d1AS EN TIEMPO LIBRE<\/a><\/p>\n<p><span style=\"color: #ff00ff;\">3.- PROYECTO DE MANTENIMIENTO DE VIAS INTERCOMUNITARIAS Y CAMINOS LOCALES<\/span><\/p>\n<p><a href=\"http:\/\/gobiernoparroquialsancristobal.gob.ec\/azuay\/wp-content\/uploads\/2019\/05\/PROYECTO-DE-MANTENIMIENTO-VIAL.pdf\">PROYECTO DE MANTENIMIENTO VIAL<\/a><\/p>\n<p><span style=\"color: #ff00ff;\">\u00a04.- PROYECTO DE LIMPIEZA Y MANTENIMIENTO DE ESPACIOS P\u00daBLICOS<\/span><\/p>\n<p><a href=\"http:\/\/gobiernoparroquialsancristobal.gob.ec\/azuay\/wp-content\/uploads\/2019\/05\/PROYECTO-DE-LIMPIEZA-Y-MANTENIMIENTO-DE-ESPACIOS-P\u00daBLICOS.pdf\">PROYECTO DE LIMPIEZA Y MANTENIMIENTO DE ESPACIOS P\u00daBLICOS<\/a><\/p>\n<p><span style=\"color: #ff00ff;\">5.- Proyecto de Organizaci\u00f3n comunitaria y gesti\u00f3n para riego<\/span><\/p>\n<p><a href=\"http:\/\/gobiernoparroquialsancristobal.gob.ec\/azuay\/wp-content\/uploads\/2019\/05\/PROYECTO-DE-ORGANIZACI\u00d3N-COMUNITARIA-Y-GESTI\u00d3N-PARA-RIEGO.pdf\">PROYECTO DE ORGANIZACI\u00d3N COMUNITARIA Y GESTI\u00d3N PARA RIEGO<\/a><\/p>\n<p><a href=\"http:\/\/gobiernoparroquialsancristobal.gob.ec\/azuay\/wp-content\/uploads\/2019\/05\/APOYO-A-LA-FERIA-DE-LA-AGRICULTURA-FAMILIAR-Y-CAMPESINA.pdf\">APOYO A LA FERIA DE LA AGRICULTURA FAMILIAR Y CAMPESINA<\/a><\/p>\n<p>&nbsp;<\/p>\n<p><span style=\"color: #ff00ff;\">6.- PROYECTO DE RESCATE CULTURAL<\/span><\/p>\n<p><a href=\"http:\/\/gobiernoparroquialsancristobal.gob.ec\/azuay\/wp-content\/uploads\/2019\/05\/PROYECTO-DE-RESCATE-CULTURAL.pdf\">PROYECTO DE RESCATE CULTURAL<\/a><\/p>\n<p><span style=\"color: #ff00ff;\">7.- PROYECTO DE ILUMINACI\u00d3N CANCHAS DE USO MULTIPLE PAMPANGRA Y LA DOLOROSA<\/span><\/p>\n<p><a href=\"http:\/\/gobiernoparroquialsancristobal.gob.ec\/azuay\/wp-content\/uploads\/2019\/05\/PROYECTO-DE-ILUMINACION-CANCHAS-PAMPANEGRA-Y-LA-DOLOROSA.pdf\">PROYECTO DE ILUMINACION CANCHAS PAMPANEGRA Y LA DOLOROSA<\/a><\/p>\n<p><span style=\"color: #ff00ff;\">8.- PROYECTO DE CONSTRUCCI\u00d3N MET\u00c1LICA CANCHA DE USO MULTIPLE UNIDAD EDUCATIVA P\u00cdO BRAVO<\/span><\/p>\n<p><a href=\"http:\/\/gobiernoparroquialsancristobal.gob.ec\/azuay\/wp-content\/uploads\/2019\/05\/PROYECTO-CUBIERTA-METALICA-CANCHA-USO-MULTIPLE-U.E.-PIO-BRAVO.pdf\">PROYECTO CUBIERTA METALICA CANCHA USO MULTIPLE U.E. PIO BRAVO<\/a><\/p>\n<p><span style=\"color: #ff00ff;\">9.- PROYECTO CONSTRUCCION GRADERIO Y CUBIERTA EN CANCHA DE PASTOPAMBA<\/span><\/p>\n<p><a href=\"http:\/\/gobiernoparroquialsancristobal.gob.ec\/azuay\/wp-content\/uploads\/2019\/05\/PROYECTO-CONSTRUCCION-GRADERIOS-Y-CUBIERTA-CANCHA-DE-USO-MULTIPLE-PASTOPAMBA.pdf\">PROYECTO CONSTRUCCION GRADERIOS Y CUBIERTA CANCHA DE USO MULTIPLE PASTOPAMBA<\/a><\/p>\n<p><span style=\"color: #ff00ff;\">10.- PROYECTO DE ADECENTAMIENTO DEL ESPACIO PUBLICO EN LA RAMADA<\/span><\/p>\n<p><a href=\"http:\/\/gobiernoparroquialsancristobal.gob.ec\/azuay\/wp-content\/uploads\/2019\/05\/PROYECTO-DE-ADECENTAMIENTO-ESPACIO-PUBLICO-EN-LA-RAMADA.pdf\">PROYECTO DE ADECENTAMIENTO ESPACIO PUBLICO EN LA RAMADA<\/a><\/p>\n<p><span style=\"color: #ff00ff;\">11.- ESTUDIOS PARA CUBIERTA METALICA EN CANCHA DE USO MULTIPLE DE CANTAGALLO<\/span><\/p>\n<p><a href=\"http:\/\/gobiernoparroquialsancristobal.gob.ec\/azuay\/wp-content\/uploads\/2019\/05\/ESTUDIOS-PARA-CUBIERTA-CANCHA-DE-USO-MULTIPLE-DE-CANTAGALLO.pdf\">ESTUDIOS PARA CUBIERTA CANCHA DE USO MULTIPLE DE CANTAGALLO<\/a><\/p>\n<p>&nbsp;<\/p>\n<p>&nbsp;<\/p>\n","protected":false},"excerpt":{"rendered":"<p>&nbsp; &nbsp; &nbsp; &nbsp; &nbsp; &nbsp; &nbsp; PROCESO DE RENDICI\u00d3N DE CUENTAS Convocatoria y asistencia consulta ciudadana Acta de conformacion equipo Respuestas a consultas Respuestas a consultas 2 Invitacion y asistencia a Asamblea Parroquial Acta de aprobacion de informe\u00a0 Acta de asamblea parroquial Informe Rendicion Cuentas GADPSC 2018 Formulario Rendicion Cuentas 2018 &nbsp; &nbsp; &nbsp; [&hellip;]<\/p>\n","protected":false},"author":6,"featured_media":0,"parent":0,"menu_order":0,"comment_status":"closed","ping_status":"closed","template":"","meta":{"footnotes":""},"class_list":["post-885","page","type-page","status-publish","hentry"],"yoast_head":"<!-- This site is optimized with the Yoast SEO plugin v24.1 - https:\/\/yoast.com\/wordpress\/plugins\/seo\/ -->\n<title>Rendici\u00f3n de Cuentas 2018 - GAD Parroquial de San Cristobal<\/title>\n<meta name=\"robots\" content=\"index, follow, max-snippet:-1, max-image-preview:large, max-video-preview:-1\" \/>\n<link rel=\"canonical\" href=\"https:\/\/gobiernoparroquialsancristobal.gob.ec\/azuay\/rendicion-de-cuentas-2018\/\" \/>\n<meta property=\"og:locale\" content=\"es_ES\" \/>\n<meta property=\"og:type\" content=\"article\" \/>\n<meta property=\"og:title\" content=\"Rendici\u00f3n de Cuentas 2018 - GAD Parroquial de San Cristobal\" \/>\n<meta property=\"og:description\" content=\"&nbsp; &nbsp; &nbsp; &nbsp; &nbsp; &nbsp; &nbsp; PROCESO DE RENDICI\u00d3N DE CUENTAS Convocatoria y asistencia consulta ciudadana Acta de conformacion equipo Respuestas a consultas Respuestas a consultas 2 Invitacion y asistencia a Asamblea Parroquial Acta de aprobacion de informe\u00a0 Acta de asamblea parroquial Informe Rendicion Cuentas GADPSC 2018 Formulario Rendicion Cuentas 2018 &nbsp; &nbsp; &nbsp; [&hellip;]\" \/>\n<meta property=\"og:url\" content=\"https:\/\/gobiernoparroquialsancristobal.gob.ec\/azuay\/rendicion-de-cuentas-2018\/\" \/>\n<meta property=\"og:site_name\" content=\"GAD Parroquial de San Cristobal\" \/>\n<meta property=\"article:modified_time\" content=\"2019-05-27T04:09:35+00:00\" \/>\n<meta name=\"twitter:card\" content=\"summary_large_image\" \/>\n<meta name=\"twitter:label1\" content=\"Tiempo de lectura\" \/>\n\t<meta name=\"twitter:data1\" content=\"2 minutos\" \/>\n<script type=\"application\/ld+json\" class=\"yoast-schema-graph\">{\"@context\":\"https:\/\/schema.org\",\"@graph\":[{\"@type\":\"WebPage\",\"@id\":\"https:\/\/gobiernoparroquialsancristobal.gob.ec\/azuay\/rendicion-de-cuentas-2018\/\",\"url\":\"https:\/\/gobiernoparroquialsancristobal.gob.ec\/azuay\/rendicion-de-cuentas-2018\/\",\"name\":\"Rendici\u00f3n de Cuentas 2018 - GAD Parroquial de San Cristobal\",\"isPartOf\":{\"@id\":\"https:\/\/gobiernoparroquialsancristobal.gob.ec\/azuay\/#website\"},\"datePublished\":\"2017-12-20T23:28:22+00:00\",\"dateModified\":\"2019-05-27T04:09:35+00:00\",\"breadcrumb\":{\"@id\":\"https:\/\/gobiernoparroquialsancristobal.gob.ec\/azuay\/rendicion-de-cuentas-2018\/#breadcrumb\"},\"inLanguage\":\"es\",\"potentialAction\":[{\"@type\":\"ReadAction\",\"target\":[\"https:\/\/gobiernoparroquialsancristobal.gob.ec\/azuay\/rendicion-de-cuentas-2018\/\"]}]},{\"@type\":\"BreadcrumbList\",\"@id\":\"https:\/\/gobiernoparroquialsancristobal.gob.ec\/azuay\/rendicion-de-cuentas-2018\/#breadcrumb\",\"itemListElement\":[{\"@type\":\"ListItem\",\"position\":1,\"name\":\"Home\",\"item\":\"https:\/\/gobiernoparroquialsancristobal.gob.ec\/azuay\/\"},{\"@type\":\"ListItem\",\"position\":2,\"name\":\"Rendici\u00f3n de Cuentas 2018\"}]},{\"@type\":\"WebSite\",\"@id\":\"https:\/\/gobiernoparroquialsancristobal.gob.ec\/azuay\/#website\",\"url\":\"https:\/\/gobiernoparroquialsancristobal.gob.ec\/azuay\/\",\"name\":\"GAD Parroquial de San Cristobal Azuay\",\"description\":\"Sitio Oficial del GAD Parroquial San Cristobal Azuay\",\"publisher\":{\"@id\":\"https:\/\/gobiernoparroquialsancristobal.gob.ec\/azuay\/#organization\"},\"potentialAction\":[{\"@type\":\"SearchAction\",\"target\":{\"@type\":\"EntryPoint\",\"urlTemplate\":\"https:\/\/gobiernoparroquialsancristobal.gob.ec\/azuay\/?s={search_term_string}\"},\"query-input\":{\"@type\":\"PropertyValueSpecification\",\"valueRequired\":true,\"valueName\":\"search_term_string\"}}],\"inLanguage\":\"es\"},{\"@type\":\"Organization\",\"@id\":\"https:\/\/gobiernoparroquialsancristobal.gob.ec\/azuay\/#organization\",\"name\":\"GAD Parroquial de San Cristobal Azuay\",\"url\":\"https:\/\/gobiernoparroquialsancristobal.gob.ec\/azuay\/\",\"logo\":{\"@type\":\"ImageObject\",\"inLanguage\":\"es\",\"@id\":\"https:\/\/gobiernoparroquialsancristobal.gob.ec\/azuay\/#\/schema\/logo\/image\/\",\"url\":\"https:\/\/gobiernoparroquialsancristobal.gob.ec\/azuay\/wp-content\/uploads\/2020\/06\/logoFooter.png\",\"contentUrl\":\"https:\/\/gobiernoparroquialsancristobal.gob.ec\/azuay\/wp-content\/uploads\/2020\/06\/logoFooter.png\",\"width\":200,\"height\":150,\"caption\":\"GAD Parroquial de San Cristobal Azuay\"},\"image\":{\"@id\":\"https:\/\/gobiernoparroquialsancristobal.gob.ec\/azuay\/#\/schema\/logo\/image\/\"}}]}<\/script>\n<!-- \/ Yoast SEO plugin. -->","yoast_head_json":{"title":"Rendici\u00f3n de Cuentas 2018 - GAD Parroquial de San Cristobal","robots":{"index":"index","follow":"follow","max-snippet":"max-snippet:-1","max-image-preview":"max-image-preview:large","max-video-preview":"max-video-preview:-1"},"canonical":"https:\/\/gobiernoparroquialsancristobal.gob.ec\/azuay\/rendicion-de-cuentas-2018\/","og_locale":"es_ES","og_type":"article","og_title":"Rendici\u00f3n de Cuentas 2018 - GAD Parroquial de San Cristobal","og_description":"&nbsp; &nbsp; &nbsp; &nbsp; &nbsp; &nbsp; &nbsp; PROCESO DE RENDICI\u00d3N DE CUENTAS Convocatoria y asistencia consulta ciudadana Acta de conformacion equipo Respuestas a consultas Respuestas a consultas 2 Invitacion y asistencia a Asamblea Parroquial Acta de aprobacion de informe\u00a0 Acta de asamblea parroquial Informe Rendicion Cuentas GADPSC 2018 Formulario Rendicion Cuentas 2018 &nbsp; &nbsp; &nbsp; [&hellip;]","og_url":"https:\/\/gobiernoparroquialsancristobal.gob.ec\/azuay\/rendicion-de-cuentas-2018\/","og_site_name":"GAD Parroquial de San Cristobal","article_modified_time":"2019-05-27T04:09:35+00:00","twitter_card":"summary_large_image","twitter_misc":{"Tiempo de lectura":"2 minutos"},"schema":{"@context":"https:\/\/schema.org","@graph":[{"@type":"WebPage","@id":"https:\/\/gobiernoparroquialsancristobal.gob.ec\/azuay\/rendicion-de-cuentas-2018\/","url":"https:\/\/gobiernoparroquialsancristobal.gob.ec\/azuay\/rendicion-de-cuentas-2018\/","name":"Rendici\u00f3n de Cuentas 2018 - GAD Parroquial de San Cristobal","isPartOf":{"@id":"https:\/\/gobiernoparroquialsancristobal.gob.ec\/azuay\/#website"},"datePublished":"2017-12-20T23:28:22+00:00","dateModified":"2019-05-27T04:09:35+00:00","breadcrumb":{"@id":"https:\/\/gobiernoparroquialsancristobal.gob.ec\/azuay\/rendicion-de-cuentas-2018\/#breadcrumb"},"inLanguage":"es","potentialAction":[{"@type":"ReadAction","target":["https:\/\/gobiernoparroquialsancristobal.gob.ec\/azuay\/rendicion-de-cuentas-2018\/"]}]},{"@type":"BreadcrumbList","@id":"https:\/\/gobiernoparroquialsancristobal.gob.ec\/azuay\/rendicion-de-cuentas-2018\/#breadcrumb","itemListElement":[{"@type":"ListItem","position":1,"name":"Home","item":"https:\/\/gobiernoparroquialsancristobal.gob.ec\/azuay\/"},{"@type":"ListItem","position":2,"name":"Rendici\u00f3n de Cuentas 2018"}]},{"@type":"WebSite","@id":"https:\/\/gobiernoparroquialsancristobal.gob.ec\/azuay\/#website","url":"https:\/\/gobiernoparroquialsancristobal.gob.ec\/azuay\/","name":"GAD Parroquial de San Cristobal Azuay","description":"Sitio Oficial del GAD Parroquial San Cristobal Azuay","publisher":{"@id":"https:\/\/gobiernoparroquialsancristobal.gob.ec\/azuay\/#organization"},"potentialAction":[{"@type":"SearchAction","target":{"@type":"EntryPoint","urlTemplate":"https:\/\/gobiernoparroquialsancristobal.gob.ec\/azuay\/?s={search_term_string}"},"query-input":{"@type":"PropertyValueSpecification","valueRequired":true,"valueName":"search_term_string"}}],"inLanguage":"es"},{"@type":"Organization","@id":"https:\/\/gobiernoparroquialsancristobal.gob.ec\/azuay\/#organization","name":"GAD Parroquial de San Cristobal Azuay","url":"https:\/\/gobiernoparroquialsancristobal.gob.ec\/azuay\/","logo":{"@type":"ImageObject","inLanguage":"es","@id":"https:\/\/gobiernoparroquialsancristobal.gob.ec\/azuay\/#\/schema\/logo\/image\/","url":"https:\/\/gobiernoparroquialsancristobal.gob.ec\/azuay\/wp-content\/uploads\/2020\/06\/logoFooter.png","contentUrl":"https:\/\/gobiernoparroquialsancristobal.gob.ec\/azuay\/wp-content\/uploads\/2020\/06\/logoFooter.png","width":200,"height":150,"caption":"GAD Parroquial de San Cristobal Azuay"},"image":{"@id":"https:\/\/gobiernoparroquialsancristobal.gob.ec\/azuay\/#\/schema\/logo\/image\/"}}]}},"_links":{"self":[{"href":"https:\/\/gobiernoparroquialsancristobal.gob.ec\/azuay\/wp-json\/wp\/v2\/pages\/885","targetHints":{"allow":["GET"]}}],"collection":[{"href":"https:\/\/gobiernoparroquialsancristobal.gob.ec\/azuay\/wp-json\/wp\/v2\/pages"}],"about":[{"href":"https:\/\/gobiernoparroquialsancristobal.gob.ec\/azuay\/wp-json\/wp\/v2\/types\/page"}],"author":[{"embeddable":true,"href":"https:\/\/gobiernoparroquialsancristobal.gob.ec\/azuay\/wp-json\/wp\/v2\/users\/6"}],"replies":[{"embeddable":true,"href":"https:\/\/gobiernoparroquialsancristobal.gob.ec\/azuay\/wp-json\/wp\/v2\/comments?post=885"}],"version-history":[{"count":17,"href":"https:\/\/gobiernoparroquialsancristobal.gob.ec\/azuay\/wp-json\/wp\/v2\/pages\/885\/revisions"}],"predecessor-version":[{"id":1049,"href":"https:\/\/gobiernoparroquialsancristobal.gob.ec\/azuay\/wp-json\/wp\/v2\/pages\/885\/revisions\/1049"}],"wp:attachment":[{"href":"https:\/\/gobiernoparroquialsancristobal.gob.ec\/azuay\/wp-json\/wp\/v2\/media?parent=885"}],"curies":[{"name":"wp","href":"https:\/\/api.w.org\/{rel}","templated":true}]}}